2 = -4*i + 8*i. Calculate the highest common factor of i and z.
8
Let u be 2/11 + (-45)/(-55). Let l be (14 + -11)*u/3. What is the greatest common divisor of l and 4?
1
Let v = 25 + -23. What is the highest common factor of v and 2?
2
Suppose -4*l + 3*d = -l - 33, -l + 31 = 3*d. Calculate the highest common divisor of l and 72.
8
Let q = 144 + 0. Let r = 31 + -56. Let i = -9 - r. What is the highest common factor of i and q?
16
Let g(q) = q**3 - 4*q**2 + q - 1. Let n be g(4). Let b(d) = d + 4 - 3 + 2 + 2*d. Let j be b(n). What is the greatest common divisor of 24 and j?
12
Let h(p) = 5*p + 1. Let t(z) = -5*z - 2. Let q(l) = 6*h(l) + 5*t(l). Let r be q(8). Let u = 15 - 6. What is the greatest common factor of u and r?
9
Let i be (-3)/(-2)*(-24 + 14). Let b = i + 47. Calculate the highest common divisor of b and 256.
32
Suppose -24 = -2*u + 4. Let b(j) be the third derivative of j**5/4 - j**4/12 - j**3/6 - j**2. Let p be b(-3). Calculate the greatest common factor of u and p.
14
Let b(z) = -2*z**3 - 2*z**2 + 4*z. Let r be b(-3). What is the greatest common divisor of 12 and r?
12
Let l(w) = w**3 - 2*w**2 - 4*w + 8. Let o be l(4). What is the highest common divisor of 168 and o?
24
Let j(a) be the second derivative of -2*a**2 + 1/4*a**4 + 0 + 3*a - 1/2*a**3. Let k be j(-3). What is the greatest common divisor of 4 and k?
4
Suppose 9 = s + 2*s, -13 = -n - s. Calculate the highest common factor of n and 4.
2
Suppose 5*k + 0*k = 5. Let g(f) = f**2 + 4*f + 4. Let n be g(-4). Suppose 13 = n*c + k. What is the highest common factor of c and 27?
3
Suppose 0*l + 3*l - 5*f = 12, -l + 2*f + 4 = 0. Let o be (0/1)/(5 - 3). Let i be o/2 + -1 + 2. Calculate the greatest common divisor of l and i.
1
Suppose -3*o - 2 - 4 = 0, 3*t - 4*o = 68. Let j = -10 + 16. Suppose 2*s = j + 2. Calculate the greatest common divisor of s and t.
4
Let q = 99 - 72. Calculate the greatest common divisor of q and 189.
27
Let s(q) = 4*q**2 - 9*q. Let m be s(6). Suppose -3*r - m = -8*r. What is the highest common factor of r and 27?
9
Let d = 2 - 2. Suppose d = 3*h - 4*u - 608, -5*h - 4*u - u = -1060. Calculate the highest common factor of h and 26.
26
Let q be (-55)/(-15) - (-4)/(-6). Suppose 0 = -z + q*z - 182. Calculate the highest common factor of 13 and z.
13
Suppose -3*t - 7 = -25. Let u = 96 + -42. Calculate the greatest common factor of u and t.
6
Let a(g) = 3*g**2 + 8*g - 8. Let b be a(-4). Suppose 3*z - 27 = -2*d, -4*z - 6 = -d + 2. What is the greatest common factor of d and b?
4
Suppose 2*w = -2*w + 16. Suppose 2*f + 10 = 0, 4*n + 4*f + 10 = 54. What is the greatest common factor of n and w?
4
Suppose 5*w = -x - 12, 3*w = -3*x + 33 - 9. Let c = -10 + x. Let o(k) = k**2 - k. Let p be o(6). What is the greatest common factor of p and c?
3
Let j(i) = i**2 - 2*i. Let y be j(-7). Let k(n) = 11*n**2 - n + 1. Let a be k(1). Let w = a + -2. What is the greatest common divisor of w and y?
9
Suppose 8*m - 10*m = -92. Let j = 1 - -22. What is the highest common factor of j and m?
23
Let w = -21 - -73. Calculate the greatest common divisor of 26 and w.
26
Let f(o) = 34*o**3 - o**2. Let m be f(1). Suppose t - m = -d - 2*t, 44 = 2*d - 5*t. Calculate the highest common factor of d and 9.
9
Suppose 4 = 2*u - 2*w, w + 8 = 2*u + 3*w. Calculate the greatest common factor of 1 and u.
1
Let c be (3/(-6))/(2/(-12)). Suppose 2*b = 2*u - 5*u - 73, -4*b - 161 = c*u. Let n be (b/(-12))/((-1)/(-3)). What is the highest common factor of n and 11?
11
Let l(p) = p**3 + 9*p**2 - 12*p. Let d be l(-10). Let x be (-8)/(-28) + (-23)/7. Let m be x*3*20/(-6). What is the highest common divisor of d and m?
10
Let g(k) = 10*k**2 - 4*k + 10. Let d be g(4). Let h(r) = -4*r - 10. Let j be h(-6). Calculate the highest common factor of d and j.
14
Let y be (2 - 11) + 3/(-1). Let m be -3 + 1 - 96/y. Calculate the greatest common factor of 6 and m.
6
Let c = -6 + 15. Suppose 3*p + c = 0, 6*p - p - 35 = -5*m. Let b be (-5)/((-2)/(1 - -5)). Calculate the highest common divisor of m and b.
5
Let f be 99 + -1 + -7 + 4. What is the highest common divisor of f and 19?
19
Suppose 11*k - 8*k = 504. What is the highest common factor of k and 7?
7
Let l be (-4)/(-16) + (615/4)/5. What is the highest common divisor of l and 62?
31
Let a(v) = 2*v - 5. Let q be a(-5). Let c be (-381)/q + (-4)/10. Suppose -2*d + 10 = -r + 3*r, -2*d = -5*r + 60. What is the highest common factor of c and r?
5
Let p be (-7)/((-2)/(-8) + (-15)/12). Let q = -24 + 45. What is the greatest common factor of p and q?
7
Suppose -17 = -4*i - 5. Suppose -2*p = -3*w - 25, -p + i = -4*w - 2. What is the highest common divisor of p and 136?
17
Let a = -84 + 118. Suppose 0 = 3*w - 4*m - 101, 105 = 4*w - m - a. Let k(l) = -l. Let t be k(-5). What is the greatest common factor of t and w?
5
Let g(h) = -2*h - 52. Let f be g(-27). What is the greatest common divisor of f and 1?
1
Let y be -1*38*(-1)/(-2). Let z = -6 - y. Let d(c) = 4*c**2 - 2*c - 3. Let v be d(-3). Calculate the greatest common factor of v and z.
13
Let i = -3 - -1. Let v be 1*i/(-4)*-2. Let c be (-1 - (8 - -1))*v. Calculate the highest common factor of c and 10.
10
Let o(m) = 3*m**2 - 1. Let j be o(-2). Let k = 203 - 202. Calculate the greatest common divisor of k and j.
1
Let a be (-20)/6*(-9)/2. Calculate the greatest common factor of 15 and a.
15
Let i(q) = q**3 + 12*q**2 + 11*q + 6. Let u be i(-11). Suppose u*z - 8*z + 36 = 0. Calculate the greatest common divisor of 12 and z.
6
Let r(x) = 2*x**2 + 5*x - 5. Let b be r(5). Let z = -3 + 13. What is the greatest common divisor of b and z?
10
Suppose -3*g + 7 = 5*s - 0, s = -2*g. Suppose 0 = s*a - 0 - 56. Calculate the highest common factor of 7 and a.
7
Let y = 111 + -11. Calculate the greatest common divisor of y and 25.
25
Let n(c) = 2*c**3 - c**2 - 3*c - 4. Let l be n(6). What is the greatest common factor of 34 and l?
34
Suppose 0 = 5*f - 10, i - 7 - 22 = -2*f. What is the greatest common divisor of i and 10?
5
Suppose 41 = 4*t - 2*c - 3*c, -3*t + 5*c = -37. Suppose 2*x + t*m - 6 + 0 = 0, 4*x - 5*m + 1 = 0. Calculate the highest common divisor of 11 and x.
1
Let h = 82 + -37. Let y be (-1)/(252/(-135) + (-5)/(-3)). Calculate the highest common factor of y and h.
5
Suppose 0 = n - 12 - 0. Suppose 2*a - 80 = -2*a. Suppose -68 - a = -2*u - 2*x, 64 = u - 4*x. What is the highest common factor of u and n?
12
Let v = -2 + 8. Let b(f) = f**3 + 6*f**2 - 1. Let w be (-1)/3 + (-28)/6. Let k be b(w). What is the greatest common factor of k and v?
6
Let z be 0/4*(-1)/(-2). Let j(n) = -n + 12. Let w be j(z). Calculate the highest common divisor of 6 and w.
6
Suppose -5*s - k + 24 = -3*k, -3*s = -3*k - 9. Calculate the greatest common factor of s and 42.
6
Suppose -8*x = -3*x + 5. Let q be 4 + (0/x)/3. Suppose q*l - n - 11 = 4*n, 51 = 4*l + 3*n. What is the highest common factor of l and 36?
9
Suppose -5*a - 22 = -i - i, i = 3*a + 9. Let k = 33 - i. Calculate the greatest common divisor of 132 and k.
12
Suppose 3*s - t = s + 27, -t - 57 = -4*s. Let c = -82 + 87. Calculate the greatest common factor of s and c.
5
Suppose -a - 25 = -4*w, -3*w - 2*a = a - 30. Calculate the highest common factor of 7 and w.
7
Suppose -3*n - 41 = -5. Let c = 35 + n. Let a = 40 - c. What is the highest common divisor of 51 and a?
17
Let p(i) = 2*i - 6. Let d be p(8). Let m(q) = q**3 - 3*q**2 - 3*q - 4. Let g be m(4). Suppose g = b - 27 - 23. Calculate the greatest common factor of d and b.
10
Let k be (-1 + 5)*2/(-2). Let p(g) = -g**2 - 5*g - 2. Let q be p(k). Let y = 10 - 5. Calculate the highest common divisor of q and y.
1
Let x(y) = -y**2 - 6*y + 4. Let o be x(-4). What is the highest common factor of o and 18?
6
Let f be 8/(-14)*(-70)/4. Calculate the highest common factor of 5 and f.
5
Let c be (-46)/(-3) - 1/3. Suppose -38*h = -31*h - 42. Calculate the highest common divisor of c and h.
3
Suppose -34 - 386 = -4*a. What is the highest common divisor of a and 42?
21
Let q(s) = s**3 + 3*s**2 - s - 1. Let w be q(-3). Suppose 2*l = -w*l - 172. Let r = 29 - l. What is the highest common divisor of 24 and r?
24
Let i be ((-63)/(-28))/(3/8). What is the greatest common factor of i and 15?
3
Let b(q) = q**3 - q**2 - 1. Suppose 0 = -h - 2*h + 6. Let k be b(h). Calculate the gr